alculate q(g).
8
Let d(x) be the third derivative of -x**6/120 - x**5/60 - x**4/6 - x**3/2 + 10*x**2. Let l be 6 + -2 + (-6 - 0). What is d(l)?
9
Let g(s) = 3*s + 7. Let y(v) = -v - 2. Suppose 0 = -11*l + 13*l + 16. Let n(o) = l*y(o) - 3*g(o). What is n(-6)?
1
Let h(w) be the first derivative of w**4/4 + 2*w**3 + 3*w**2 - w + 5. Let z(g) = -g**2 - 1. Let u be z(2). Calculate h(u).
-6
Let y(l) = 2*l + 6 - 20 + 8. Give y(13).
20
Let k = -898 - -903. Let z be (-28)/(-8) - 2/(-4). Let h(s) = k*s + z*s + 2 - 3*s - 3*s. What is h(-4)?
-10
Let o(u) be the first derivative of u**2 + 3*u**2 + 4 - u**2 + 4*u - 2*u**2. Let m = -12 + 9. What is o(m)?
-2
Let d(x) be the third derivative of -x**4/12 - 8*x**3/3 - 749*x**2. What is d(-4)?
-8
Suppose 32*j = 26*j + 36. Let x(z) = -2*z**2 + 6*z - 7. What is x(j)?
-43
Suppose i = -0*i, 3*i + 44 = -4*y. Let p(s) = s**2 + 12*s + 14. Calculate p(y).
3
Let x(r) = 3*r + 57. Let s be x(0). Let z(k) = -56*k + 119*k - s*k - 1. Determine z(-2).
-13
Let y = 1 + -1. Let z(f) = 2*f**3 + 21*f**2 - 11*f + 7. Let j be z(-11). Let i(a) = -j - a**2 - 6*a**2 + 8*a**2. Calculate i(y).
-7
Let y(d) = 17*d + 3 - 4 - 20*d. Let r(z) = -z. Let v(o) = r(o) - y(o). Determine v(-1).
-1
Suppose 522 = 102*f - 15*f. Let u(k) = -k**3 + 6*k**2. Let s be u(6). Let r(x) = -1 + x + x + s*x. Give r(f).
11
Let w(v) = -31*v**2 - 3 + 17*v**2 + 15*v**2 - 4*v. Let k(u) = -u + 1. Let j(d) = 6*d - 12. Let n(l) = j(l) + 12*k(l). Let b be n(-1). Calculate w(b).
9
Let w = 21 + -17. Suppose -3*k - 4*n + 12 = 2*k, -w*n + 12 = 2*k. Let f(g) = 1 - 6*g + 0 + k*g**2 + 3*g**2 - 2*g**2. Give f(4).
-7
Suppose i = -0*i - 3*h + 106, -5*i + 2*h = -564. Suppose 3*u + 13*u = -i. Let m(w) = -w**2 - 8*w - 10. Calculate m(u).
-3
Let y = -10 - -7. Let o be (3 - (-1 - y)) + 0. Let t(m) = -4*m + 5*m + 5*m - 5*m - o. Give t(1).
0
Let i(j) = -j - 8. Let l = -81 + 38. Let d = 38 + l. Give i(d).
-3
Let j(k) = -5*k**2 + 14*k. Let t(c) = 4*c**2 - 13*c - 1. Let f(b) = 5*j(b) + 6*t(b). Give f(-7).
1
Suppose 0 = -5*d + 4*q - 2 + 5, -5*q = 4*d - 27. Suppose d*t + s = 2*s - 5, -4*t - 28 = 4*s. Let c(r) = 2*r - 1. Calculate c(t).
-7
Let m = -66 + 95. Let i = -25 + m. Suppose 2*c = -s + 5, -2 = 5*s + i*c + 3. Let f(u) = -u**3 - 5*u**2 - u. Determine f(s).
5
Let m = 1119 + -1121. Let k(p) = -p**3 + 2*p - 1. Determine k(m).
3
Suppose -3 + 19 = 4*f. Let t(p) = -f*p**2 + 13*p**2 - p - 6*p**2. What is t(-2)?
14
Let q(r) be the third derivative of r**6/120 - r**5/12 - r**4/4 + 88*r**2. Determine q(6).
0
Let i(d) = 3*d - 2. Suppose -5*r = -3*z + 60, 1 = 2*z - 9. Let s(h) = -13*h + 8. Let p(a) = r*i(a) - 2*s(a). Calculate p(0).
2
Let i = 22 - 18. Let b(n) = -n + 0*n - 3*n**3 - i*n**2 - 3*n + 7 + 4*n**3. Calculate b(5).
12
Let m(f) be the second derivative of f**5/60 - f**4/12 + f**3/6 + 25*f**2/2 + 24*f. Let v(d) be the first derivative of m(d). What is v(-2)?
9
Let s(x) = x - 15. Let y(d) = -d**2 - 15*d + 154. Let h be y(7). Give s(h).
-15
Let p(o) = 6 - 1 - o + 1. Let b be p(5). Let t(w) = -19*w**2 - 3*w - 24. Let h(k) = -13*k**2 - 2*k - 15. Let r(j) = 8*h(j) - 5*t(j). Give r(b).
-10
Suppose -16*m + 10*m = -6. Suppose -r - 5*z + 1 = 4, z = 5*r - 11. Let w(y) = -y - r + 3 - 4*y**2 - 2*y**2. Give w(m).
-6
Let p(y) = 4*y - 6. Suppose l - 2*n - 8 = 0, 0 = 5*l + 11*n - 7*n - 12. Calculate p(l).
10
Let w(q) be the second derivative of q**3/6 + 3*q**2 + 4*q + 1. Determine w(3).
9
Let d(m) = m**3 - 6*m**2 + 4*m + 7. Suppose 2*n - 44 = -0*n. Let z be 4/22 + 106/n. What is d(z)?
2
Let h(q) = 2*q**2 + q - 79. Let a be h(-6). Let c(l) = l**2 + 13*l - 1. Determine c(a).
-1
Let z = 42 + -32. Let l be (-88)/z - 7/35. Let c(k) = -k**3 - 9*k**2 + k - 11. Give c(l).
-20
Let k(c) = c**3 + 8*c**2 - 9*c + 6. Let i = -33 - -54. Suppose -6*u - i - 33 = 0. Determine k(u).
6
Suppose l = -2*q - 11, 2*q + 2*l + 15 - 5 = 0. Let r(d) = 14*d + 3. What is r(q)?
-81
Let q(v) = 6*v**3 + 5*v**2 - 2*v - 4. Let j(o) = o**3 + o**2 - 1. Suppose 12*p - 3*p + 9 = 0. Let y(f) = p*q(f) + 5*j(f). What is y(2)?
-5
Let z(r) be the first derivative of 3*r**2/2 - 3*r - 56. Give z(3).
6
Let m(v) = -v - 4. Let k(u) = -2*u**2 + 21*u + 29. Let j(r) = r + 1. Let s(o) = 4*j(o) - k(o). Let t be s(10). Give m(t).
-9
Let u(c) = c - 1. Suppose -1 = 2*s - 13. Suppose 5*r - 2 - 43 = 0. Let f = s - r. Determine u(f).
-4
Let x(z) be the first derivative of -z**4/4 + z**3/3 + 5*z**2/2 - 13*z + 351. Determine x(3).
-16
Let l be (-62)/93 + ((-22)/(-6))/1. Let p(d) = -d**3 + 7*d**2 + 3. Give p(l).
39
Suppose -6 = -0*o + o + 2*d, -4*o = 2*d. Let q(j) = -3*j**o + j + 0*j - 2 + 0*j**2 + j**2. Suppose -2*b + 3*i = -b - 4, 0 = 4*b - 4*i. What is q(b)?
-12
Let v(o) = -o**2 + 6*o - 5. Let p = 35 + -27. Calculate v(p).
-21
Let y(s) = -6*s**3 - 7*s**2 - 8. Let z(u) = -5*u**3 - 8*u**2 - 2*u - 9. Let v(r) = 4*y(r) - 5*z(r). What is v(-11)?
24
Let i be ((-81)/72)/((-21)/(-28))*-6. Let x(c) be the first derivative of 5/2*c**2 - i - c. Give x(3).
14
Let p(g) = -g**2 + 6*g - 1. Let x be p(5). Let l(t) = t. Let q(c) = 3*c - 2. Let y = 2 + 0. Let r(w) = y*l(w) - q(w). Calculate r(x).
-2
Let l(o) = o + 8. Let u be l(-8). Suppose u = -2*g + 4*g. Let s(t) = t + 1. Let v(h) = 6*h - 4. Let p(a) = -5*s(a) + v(a). Determine p(g).
-9
Suppose 5*s + 11 + 4 = 0. Let v(f) be the first derivative of f**3/3 + 3*f**2/2 - 16. Give v(s).
0
Let g(f) = 12*f**2 - 24*f + 44. Let n(t) = -7*t**2 + 13*t - 23. Let c(j) = 4*g(j) + 7*n(j). Determine c(-7).
1
Let y(c) = -44 + 10 + c + 26 + 8 + 8. Determine y(-4).
4
Let z(v) = v**3 - 10*v**2 - v + 7. Let g = 83 + 97. Let a be (-8)/6*g/(-24). Determine z(a).
-3
Let m(f) = -32*f + 14 + 80*f - 45*f. Calculate m(-10).
-16
Let d = -32 - -67. Suppose -4*i + 4*u - 12 = 0, -5*i = -0*u + 5*u - d. Let n(g) = -i*g**2 - 4*g + 4*g**2 + 3 - g**2. Calculate n(3).
0
Let p = 734 - 736. Let c(g) = g**3 - 2*g**2 - 2*g + 2. What is c(p)?
-10
Let i(x) be the first derivative of -x + 2 + 1/2*x**2 - 4/3*x**3 + 1/4*x**4. Let v(r) = -2*r - 4. Let k be v(-4). Calculate i(k).
3
Let c(q) = -31*q + 317. Let i be c(10). Let t(l) = l**2 - 10*l + 1. Give t(i).
-20
Let v(r) = -4*r + 4*r - 2 + r. Suppose 24 = -6*h + 6. Let t(i) = -2*i - 10. Let w be t(h). Give v(w).
-6
Let k(g) be the first derivative of -g**3/3 - 5*g**2/2 - 5*g + 36. Determine k(-3).
1
Let j(c) = 4*c**3 - 2*c**2 + c. Let m be j(1). Let a(s) = s**2 + 7*s + 1 + 2*s + 3*s + 9*s - 20*s. Calculate a(m).
13
Let k(o) = -7*o + 3. Let n(a) = 5*a + a - 2 + a. Let i(s) = 6*k(s) + 7*n(s). Let x(l) = l + 1. Let d(u) = -i(u) + 3*x(u). Calculate d(-1).
3
Let v = -5 - -10. Let l(m) = -298*m**2 + 3 + 4*m - v + 2*m**3 + 294*m**2. Let k(z) = z**2 - 7*z + 8. Let f be k(6). What is l(f)?
6
Suppose 63 = -55*w + 62*w. Let g(l) be the first derivative of l**2/2 + 1. Give g(w).
9
Let g(l) = -17*l**3 - 1 - 15*l**3 - 12*l**3 + 39*l**3 - 2*l. Determine g(-1).
6
Let v(d) = -6*d**3 - 2*d**2 + 1. Let b = 36 - 37. Calculate v(b).
5
Let n(u) = -2*u**3 + 2*u**2 - u - 1. Let x(s) = -3*s**3 - 5*s**2 - 13*s + 12. Let t(y) = 2*n(y) - x(y). Determine t(10).
-4
Let o be -1 - (-222)/(-7) - (-50)/(-175). Let x = -38 - o. Let k(d) = d + 5. Calculate k(x).
0
Let h be -18*3/(-6) + 1. Let i(f) = 0 + 0*f + f**3 - h - f**2 - f. Let c = 22 + -22. Determine i(c).
-10
Let o = 69 + -59. Let w be (8/o)/((-3)/(-15)). Let a(g) = g**3 - 4*g**2 - 3*g + 3. What is a(w)?
-9
Let r = -5 + 2. Let c(b) be the first derivative of b**3/3 - 4*b - 744. What is c(r)?
5
Let g be (-2)/(-5)*5/1. Let k(s) be the third derivative of -1/6*s**3 + 0 + 1/12*s**4 + 1/60*s**5 + 0*s + 7*s**2. Calculate k(g).
7
Let i(o) = o - 8 - o**3 + 4 - 3 - 10. Suppose v = 2*v + 4*v. What is i(v)?
-17
Let o be (-1 - -7) + 3 - -4. Suppose 2*s + o = 5*q - 31, -4*q = -5*s - 42. Let m(j) = -j**2 + 7*j + 3. Give m(q).
-5
Let f = -69 + 65. Let i(w) = -8*w + 41. Let z(d) = 3*d - 14. Let y(t) = f*i(t) - 11*z(t). Determine y(-7).
-3
Let r(p) = 5*p + 3*p**2 + 169 - 163 + 2*p - 12*p**2 + p**3. Let k be ((-2)/4)/(1/12). Let c be (-47)/k - (-2)/12. What is r(c)?
-2
Let m = -6 + 17. Let j(c) = -7*c**3 - 3*c**3 - 2 + c + m*c**3 - 3*c. Determine j(3).
19
Let w = -115 - -231/2. Let h(k) be the first derivative of 1 + 8*k + w*k**2. Determine h(-5).
3
Let d(u) = -3*u**3 + 9*u**2 - 9*u + 6. Let k(o) = 4*o**3 - 10*o**2 + 8*o - 7.